{"version":"1.0","provider_name":"COMT","provider_url":"https:\/\/comt.cat\/es\/","author_name":"comt","author_url":"https:\/\/comt.cat\/es\/author\/comt\/","title":"Geriatr\u00eda \/ Medicina interna \/ Familia (Barcelona) - COMT","type":"rich","width":600,"height":338,"html":"<blockquote class=\"wp-embedded-content\" data-secret=\"vYGZrMWOdQ\"><a href=\"https:\/\/comt.cat\/es\/geriatria-medicina-interna-familia-barcelona-2\/\">Geriatr\u00eda \/ Medicina interna \/ Familia (Barcelona)<\/a><\/blockquote><iframe sandbox=\"allow-scripts\" security=\"restricted\" src=\"https:\/\/comt.cat\/es\/geriatria-medicina-interna-familia-barcelona-2\/embed\/#?secret=vYGZrMWOdQ\" width=\"600\" height=\"338\" title=\"\u00abGeriatr\u00eda \/ Medicina interna \/ Familia (Barcelona)\u00bb \u2014 COMT\" data-secret=\"vYGZrMWOdQ\" frameborder=\"0\" marginwidth=\"0\" marginheight=\"0\" scrolling=\"no\" class=\"wp-embedded-content\"><\/iframe><script type=\"text\/javascript\">\n\/* <![CDATA[ *\/\n\/*! This file is auto-generated *\/\n!function(d,l){\"use strict\";l.querySelector&&d.addEventListener&&\"undefined\"!=typeof URL&&(d.wp=d.wp||{},d.wp.receiveEmbedMessage||(d.wp.receiveEmbedMessage=function(e){var t=e.data;if((t||t.secret||t.message||t.value)&&!\/[^a-zA-Z0-9]\/.test(t.secret)){for(var s,r,n,a=l.querySelectorAll('iframe[data-secret=\"'+t.secret+'\"]'),o=l.querySelectorAll('blockquote[data-secret=\"'+t.secret+'\"]'),c=new RegExp(\"^https?:$\",\"i\"),i=0;i<o.length;i++)o[i].style.display=\"none\";for(i=0;i<a.length;i++)s=a[i],e.source===s.contentWindow&&(s.removeAttribute(\"style\"),\"height\"===t.message?(1e3<(r=parseInt(t.value,10))?r=1e3:~~r<200&&(r=200),s.height=r):\"link\"===t.message&&(r=new URL(s.getAttribute(\"src\")),n=new URL(t.value),c.test(n.protocol))&&n.host===r.host&&l.activeElement===s&&(d.top.location.href=t.value))}},d.addEventListener(\"message\",d.wp.receiveEmbedMessage,!1),l.addEventListener(\"DOMContentLoaded\",function(){for(var e,t,s=l.querySelectorAll(\"iframe.wp-embedded-content\"),r=0;r<s.length;r++)(t=(e=s[r]).getAttribute(\"data-secret\"))||(t=Math.random().toString(36).substring(2,12),e.src+=\"#?secret=\"+t,e.setAttribute(\"data-secret\",t)),e.contentWindow.postMessage({message:\"ready\",secret:t},\"*\")},!1)))}(window,document);\n\/\/# sourceURL=https:\/\/comt.cat\/wp-includes\/js\/wp-embed.min.js\n\/* ]]> *\/\n<\/script>\n","description":"\u00bfQuienes somos? Centro p\u00fablico en Barcelona, conectado con hospitales universitarios y atenci\u00f3n primaria. Todas las l\u00edneas de atenci\u00f3n intermedia\/socio-sanitaria, con programas innovadores: subagudos, subagudos oncol\u00f3gicos (integrada con H Vall d\u2019Hebron\/VHIO), rehabilitaci\u00f3n geri\u00e1trica, cuidados paliativos, demencias, h de d\u00eda, hospitalizaci\u00f3n a domicilio geri\u00e1trica y paliativa, geriatr\u00eda territorial. Entorno docente (MIR\/EIR), grupo de investigaci\u00f3n acreditado adscrito al Vall d'Hebron Institut of Research (VHIR), posibilidad de doctorado v\u00eda UAB. \u00bfQu\u00e9 garantizamos? Integraci\u00f3n en equipo polivalente de 25 adjuntos, trabajo interdisciplinario, posibles rotaciones entre servicios, clima positivo. El web:\u00a0https:\/\/lnkd.in\/dBS6BnE Algunos proyectos innovadores:\u00a0https:\/\/lnkd.in\/dTEGknc;\u00a0https:\/\/lnkd.in\/dkbr4th La investigaci\u00f3n:\u00a0https:\/\/lnkd.in\/drWwPqq Requisitos:\u00a0Especialistas en geriatr\u00eda, m. familiar, m. interna u otras especialidades m\u00e9dicas. Ofrecemos:\u00a0 2 plazas de m\u00e9dico\/a, tiempo completo, contrato indefinido, condiciones SISCAT, 8-16h, flexibilidad para conciliar, n de guardias limitado. Otros datos de inter\u00e9s:  41.456,22 - 56.295,43 + 32400 EUROS DPO 08.00H A 16.00H GUARDIAS OPCIONALES  Contacto: Ana Bel\u00e9n Rodr\u00edguez Tel\u00e9fono:\u00a0932 594 033 Email:\u00a0seleccio@perevirgili.cat"}

Geriatría / Medicina interna / Familia (Barcelona) - COMT

<blockquote class="wp-embedded-content" data-secret="vYGZrMWOdQ"><a href="https://comt.cat/es/geriatria-medicina-interna-familia-barcelona-2/">Geriatría / Medicina interna / Familia (Barcelona)</a></blockquote><iframe sandbox="allow-scripts" security="restricted" src="https://comt.cat/es/geriatria-medicina-interna-familia-barcelona-2/embed/#?secret=vYGZrMWOdQ" width="600" height="338" title="«Geriatría / Medicina interna / Familia (Barcelona)» — COMT" data-secret="vYGZrMWOdQ" frameborder="0" marginwidth="0" marginheight="0" scrolling="no" class="wp-embedded-content"></iframe><script type="text/javascript">
/* <![CDATA[ */
/*! This file is auto-generated */
!function(d,l){"use strict";l.querySelector&&d.addEventListener&&"undefined"!=typeof URL&&(d.wp=d.wp||{},d.wp.receiveEmbedMessage||(d.wp.receiveEmbedMessage=function(e){var t=e.data;if((t||t.secret||t.message||t.value)&&!/[^a-zA-Z0-9]/.test(t.secret)){for(var s,r,n,a=l.querySelectorAll('iframe[data-secret="'+t.secret+'"]'),o=l.querySelectorAll('blockquote[data-secret="'+t.secret+'"]'),c=new RegExp("^https?:$","i"),i=0;i<o.length;i++)o[i].style.display="none";for(i=0;i<a.length;i++)s=a[i],e.source===s.contentWindow&&(s.removeAttribute("style"),"height"===t.message?(1e3<(r=parseInt(t.value,10))?r=1e3:~~r<200&&(r=200),s.height=r):"link"===t.message&&(r=new URL(s.getAttribute("src")),n=new URL(t.value),c.test(n.protocol))&&n.host===r.host&&l.activeElement===s&&(d.top.location.href=t.value))}},d.addEventListener("message",d.wp.receiveEmbedMessage,!1),l.addEventListener("DOMContentLoaded",function(){for(var e,t,s=l.querySelectorAll("iframe.wp-embedded-content"),r=0;r<s.length;r++)(t=(e=s[r]).getAttribute("data-secret"))||(t=Math.random().toString(36).substring(2,12),e.src+="#?secret="+t,e.setAttribute("data-secret",t)),e.contentWindow.postMessage({message:"ready",secret:t},"*")},!1)))}(window,document);
//# sourceURL=https://comt.cat/wp-includes/js/wp-embed.min.js
/* ]]> */
</script>

¿Quienes somos? Centro público en Barcelona, conectado con hospitales universitarios y atención primaria. Todas las líneas de atención intermedia/socio-sanitaria, con programas innovadores: subagudos, subagudos oncológicos (integrada con H Vall d’Hebron/VHIO), rehabilitación geriátrica, cuidados paliativos, demencias, h de día, hospitalización a domicilio geriátrica y paliativa, geriatría territorial. Entorno docente (MIR/EIR), grupo de investigación acreditado adscrito al Vall d'Hebron Institut of Research (VHIR), posibilidad de doctorado vía UAB. ¿Qué garantizamos? Integración en equipo polivalente de 25 adjuntos, trabajo interdisciplinario, posibles rotaciones entre servicios, clima positivo. El web: https://lnkd.in/dBS6BnE Algunos proyectos innovadores: https://lnkd.in/dTEGknc; https://lnkd.in/dkbr4th La investigación: https://lnkd.in/drWwPqq Requisitos: Especialistas en geriatría, m. familiar, m. interna u otras especialidades médicas. Ofrecemos:  2 plazas de médico/a, tiempo completo, contrato indefinido, condiciones SISCAT, 8-16h, flexibilidad para conciliar, n de guardias limitado. Otros datos de interés:  41.456,22 - 56.295,43 + 32400 EUROS DPO 08.00H A 16.00H GUARDIAS OPCIONALES  Contacto: Ana Belén Rodríguez Teléfono: 932 594 033 Email: seleccio@perevirgili.cat
