{"version":"1.0","provider_name":"COMT","provider_url":"https:\/\/comt.cat\/es\/","author_name":"comt","author_url":"https:\/\/comt.cat\/es\/author\/comt\/","title":"Medicina de familia y comunitaria (Francia) - COMT","type":"rich","width":600,"height":338,"html":"<blockquote class=\"wp-embedded-content\" data-secret=\"3BOEM39DEt\"><a href=\"https:\/\/comt.cat\/es\/medicina-familia-comunitaria-francia-20191119-2\/\">Medicina de familia y comunitaria (Francia)<\/a><\/blockquote><iframe sandbox=\"allow-scripts\" security=\"restricted\" src=\"https:\/\/comt.cat\/es\/medicina-familia-comunitaria-francia-20191119-2\/embed\/#?secret=3BOEM39DEt\" width=\"600\" height=\"338\" title=\"\u00abMedicina de familia y comunitaria (Francia)\u00bb \u2014 COMT\" data-secret=\"3BOEM39DEt\" frameborder=\"0\" marginwidth=\"0\" marginheight=\"0\" scrolling=\"no\" class=\"wp-embedded-content\"><\/iframe><script type=\"text\/javascript\">\n\/* <![CDATA[ *\/\n\/*! This file is auto-generated *\/\n!function(d,l){\"use strict\";l.querySelector&&d.addEventListener&&\"undefined\"!=typeof URL&&(d.wp=d.wp||{},d.wp.receiveEmbedMessage||(d.wp.receiveEmbedMessage=function(e){var t=e.data;if((t||t.secret||t.message||t.value)&&!\/[^a-zA-Z0-9]\/.test(t.secret)){for(var s,r,n,a=l.querySelectorAll('iframe[data-secret=\"'+t.secret+'\"]'),o=l.querySelectorAll('blockquote[data-secret=\"'+t.secret+'\"]'),c=new RegExp(\"^https?:$\",\"i\"),i=0;i<o.length;i++)o[i].style.display=\"none\";for(i=0;i<a.length;i++)s=a[i],e.source===s.contentWindow&&(s.removeAttribute(\"style\"),\"height\"===t.message?(1e3<(r=parseInt(t.value,10))?r=1e3:~~r<200&&(r=200),s.height=r):\"link\"===t.message&&(r=new URL(s.getAttribute(\"src\")),n=new URL(t.value),c.test(n.protocol))&&n.host===r.host&&l.activeElement===s&&(d.top.location.href=t.value))}},d.addEventListener(\"message\",d.wp.receiveEmbedMessage,!1),l.addEventListener(\"DOMContentLoaded\",function(){for(var e,t,s=l.querySelectorAll(\"iframe.wp-embedded-content\"),r=0;r<s.length;r++)(t=(e=s[r]).getAttribute(\"data-secret\"))||(t=Math.random().toString(36).substring(2,12),e.src+=\"#?secret=\"+t,e.setAttribute(\"data-secret\",t)),e.contentWindow.postMessage({message:\"ready\",secret:t},\"*\")},!1)))}(window,document);\n\/\/# sourceURL=https:\/\/comt.cat\/wp-includes\/js\/wp-embed.min.js\n\/* ]]> *\/\n<\/script>\n","description":"Funciones: Tratamientos de los pacientes Requisitos:\u00a0  Motivaci\u00f3n Tener la especialidad en medicina de familia y comunitaria  \u00danete a un proyecto de trabajo al que ya se han unido m\u00e1s de 650 profesionales:  Ayudas de hasta 50.000 euros para tu plaza de m\u00e9dico de familia Exenci\u00f3n fiscal de hasta 8 a\u00f1os de duraci\u00f3n Contrato de ingresos m\u00ednimos de 6.900 euros mensuales Ayuda al alojamiento Tutor\u00eda previa para afianzar tu plaza Experiencia enriquecedora Hablar franc\u00e9s no es condici\u00f3n indispensable para participar en las entrevistas. Si eres contratado\/a deber\u00e1 comprometerse a estudiarlo antes de su llegada a Francia Tus hijos perfectamente biling\u00fces Y mucho m\u00e1s...  Interesados contactar con Ya\u00ebl BRUGOS MIRANDA o Magali BRAZ enviando CURRICULUM VITAE a:\u00a0medecin@laborare-conseil.com O en el n\u00famero\u00a0+34 691 328 071 Otros datos de inter\u00e9s:  Acompa\u00f1amiento a los candidatos hasta incorporaci\u00f3n efectiva. Ofertas en Francia a lo largo de todo el a\u00f1o. Ayuda en la gesti\u00f3n de todos los tr\u00e1mites y documentos necesarios para trabajar. M\u00e1s de 650 contrataciones nos avalan  Archivo PDF con toda la informaci\u00f3n\u00a0\u00a0 \u00a0"}

Funciones: Tratamientos de los pacientes Requisitos:   Motivación Tener la especialidad en medicina de familia y comunitaria  Únete a un proyecto de trabajo al que ya se han unido más de 650 profesionales:  Ayudas de hasta 50.000 euros para tu plaza de médico de familia Exención fiscal de hasta 8 años de duración Contrato de ingresos mínimos de 6.900 euros mensuales Ayuda al alojamiento Tutoría previa para afianzar tu plaza Experiencia enriquecedora Hablar francés no es condición indispensable para participar en las entrevistas. Si eres contratado/a deberá comprometerse a estudiarlo antes de su llegada a Francia Tus hijos perfectamente bilingües Y mucho más...  Interesados contactar con Yaël BRUGOS MIRANDA o Magali BRAZ enviando CURRICULUM VITAE a: medecin@laborare-conseil.com O en el número +34 691 328 071 Otros datos de interés:  Acompañamiento a los candidatos hasta incorporación efectiva. Ofertas en Francia a lo largo de todo el año. Ayuda en la gestión de todos los trámites y documentos necesarios para trabajar. Más de 650 contrataciones nos avalan  Archivo PDF con toda la información
