{"version":"1.0","provider_name":"COMT","provider_url":"https:\/\/comt.cat\/es\/","author_name":"comt","author_url":"https:\/\/comt.cat\/es\/author\/comt\/","title":"M\u00e9dico con discapacidad - COMT","type":"rich","width":600,"height":338,"html":"<blockquote class=\"wp-embedded-content\" data-secret=\"53SHT4NaSn\"><a href=\"https:\/\/comt.cat\/es\/medico-con-discapacidad\/\">M\u00e9dico con discapacidad<\/a><\/blockquote><iframe sandbox=\"allow-scripts\" security=\"restricted\" src=\"https:\/\/comt.cat\/es\/medico-con-discapacidad\/embed\/#?secret=53SHT4NaSn\" width=\"600\" height=\"338\" title=\"\u00abM\u00e9dico con discapacidad\u00bb \u2014 COMT\" data-secret=\"53SHT4NaSn\" frameborder=\"0\" marginwidth=\"0\" marginheight=\"0\" scrolling=\"no\" class=\"wp-embedded-content\"><\/iframe><script type=\"text\/javascript\">\n\/* <![CDATA[ *\/\n\/*! This file is auto-generated *\/\n!function(d,l){\"use strict\";l.querySelector&&d.addEventListener&&\"undefined\"!=typeof URL&&(d.wp=d.wp||{},d.wp.receiveEmbedMessage||(d.wp.receiveEmbedMessage=function(e){var t=e.data;if((t||t.secret||t.message||t.value)&&!\/[^a-zA-Z0-9]\/.test(t.secret)){for(var s,r,n,a=l.querySelectorAll('iframe[data-secret=\"'+t.secret+'\"]'),o=l.querySelectorAll('blockquote[data-secret=\"'+t.secret+'\"]'),c=new RegExp(\"^https?:$\",\"i\"),i=0;i<o.length;i++)o[i].style.display=\"none\";for(i=0;i<a.length;i++)s=a[i],e.source===s.contentWindow&&(s.removeAttribute(\"style\"),\"height\"===t.message?(1e3<(r=parseInt(t.value,10))?r=1e3:~~r<200&&(r=200),s.height=r):\"link\"===t.message&&(r=new URL(s.getAttribute(\"src\")),n=new URL(t.value),c.test(n.protocol))&&n.host===r.host&&l.activeElement===s&&(d.top.location.href=t.value))}},d.addEventListener(\"message\",d.wp.receiveEmbedMessage,!1),l.addEventListener(\"DOMContentLoaded\",function(){for(var e,t,s=l.querySelectorAll(\"iframe.wp-embedded-content\"),r=0;r<s.length;r++)(t=(e=s[r]).getAttribute(\"data-secret\"))||(t=Math.random().toString(36).substring(2,12),e.src+=\"#?secret=\"+t,e.setAttribute(\"data-secret\",t)),e.contentWindow.postMessage({message:\"ready\",secret:t},\"*\")},!1)))}(window,document);\n\/\/# sourceURL=https:\/\/comt.cat\/wp-includes\/js\/wp-embed.min.js\n\/* ]]> *\/\n<\/script>\n","description":"\u00a0 Definici\u00f3n Ayuda econ\u00f3mica de pago mensual y renovable anualmente, destinada a atender necesidades b\u00e1sicas de vida de personas en situaci\u00f3n de discapacidad y de carencia o insuficiencia de recursos econ\u00f3micos. \u00a0 Destinatarios M\u00e9dicos colegiados. \u00a0 Funciones Ayudar econ\u00f3micamente en situaciones de discapacidad y carencia o insuficiencia de recursos econ\u00f3micos o patrimoniales. \u00a0 Aportaci\u00f3n del PPS COMT Hasta 1.362 \u20ac al mes. \u00a0 Documentaci\u00f3n a entregar para la solicitud de alta  Impreso de solicitud debidamente cumplimentado y firmado. NIF de la persona beneficiaria de la prestacio\u0301n. Libro de Familia. Sentencia de Tutela, si es el caso. Adjuntar NIF de quien ostente la misma. Certificaci\u00f3n de Vida. Reconocimiento de Grado de Discapacidad, Dependencia y el Plan de Atencio\u0301n Individualizado (PIA).\u00a0 Justificantes de ingresos de todos los miembros de la Unidad Familiar segu\u0301n el caso:  Declaracio\u0301n de renta del u\u0301ltimo ejercicio econo\u0301mico de cada uno de los miembros de la Unidad Familiar obligados a declarar.En caso de no hacer la declaracio\u0301n de la renta, presentar Certificado de imputaciones del IRPF de todos los miembros de la Unidad Familiar. Certificado actual de todas las pensiones pu\u0301blicas, las reciban o no, de toda la Unidad Familiar.   Comprobante bancario que garantice la titularidad de la cuenta por parte de la persona objeto de la prestacio\u0301n.   \u00a0 M\u00e1s informaci\u00f3n: Condiciones de acceso \u00a0 Formulario de solicitud \u00a0 Modelo145 \u00a0 Solicitud de pr\u00f3rroga anual \u00a0 \u00a0"}

Médico con discapacidad - COMT

<blockquote class="wp-embedded-content" data-secret="53SHT4NaSn"><a href="https://comt.cat/es/medico-con-discapacidad/">Médico con discapacidad</a></blockquote><iframe sandbox="allow-scripts" security="restricted" src="https://comt.cat/es/medico-con-discapacidad/embed/#?secret=53SHT4NaSn" width="600" height="338" title="«Médico con discapacidad» — COMT" data-secret="53SHT4NaSn" frameborder="0" marginwidth="0" marginheight="0" scrolling="no" class="wp-embedded-content"></iframe><script type="text/javascript">
/* <![CDATA[ */
/*! This file is auto-generated */
!function(d,l){"use strict";l.querySelector&&d.addEventListener&&"undefined"!=typeof URL&&(d.wp=d.wp||{},d.wp.receiveEmbedMessage||(d.wp.receiveEmbedMessage=function(e){var t=e.data;if((t||t.secret||t.message||t.value)&&!/[^a-zA-Z0-9]/.test(t.secret)){for(var s,r,n,a=l.querySelectorAll('iframe[data-secret="'+t.secret+'"]'),o=l.querySelectorAll('blockquote[data-secret="'+t.secret+'"]'),c=new RegExp("^https?:$","i"),i=0;i<o.length;i++)o[i].style.display="none";for(i=0;i<a.length;i++)s=a[i],e.source===s.contentWindow&&(s.removeAttribute("style"),"height"===t.message?(1e3<(r=parseInt(t.value,10))?r=1e3:~~r<200&&(r=200),s.height=r):"link"===t.message&&(r=new URL(s.getAttribute("src")),n=new URL(t.value),c.test(n.protocol))&&n.host===r.host&&l.activeElement===s&&(d.top.location.href=t.value))}},d.addEventListener("message",d.wp.receiveEmbedMessage,!1),l.addEventListener("DOMContentLoaded",function(){for(var e,t,s=l.querySelectorAll("iframe.wp-embedded-content"),r=0;r<s.length;r++)(t=(e=s[r]).getAttribute("data-secret"))||(t=Math.random().toString(36).substring(2,12),e.src+="#?secret="+t,e.setAttribute("data-secret",t)),e.contentWindow.postMessage({message:"ready",secret:t},"*")},!1)))}(window,document);
//# sourceURL=https://comt.cat/wp-includes/js/wp-embed.min.js
/* ]]> */
</script>

Definición Ayuda económica de pago mensual y renovable anualmente, destinada a atender necesidades básicas de vida de personas en situación de discapacidad y de carencia o insuficiencia de recursos económicos.   Destinatarios Médicos colegiados.   Funciones Ayudar económicamente en situaciones de discapacidad y carencia o insuficiencia de recursos económicos o patrimoniales.   Aportación del PPS COMT Hasta 1.362 € al mes.   Documentación a entregar para la solicitud de alta  Impreso de solicitud debidamente cumplimentado y firmado. NIF de la persona beneficiaria de la prestación. Libro de Familia. Sentencia de Tutela, si es el caso. Adjuntar NIF de quien ostente la misma. Certificación de Vida. Reconocimiento de Grado de Discapacidad, Dependencia y el Plan de Atención Individualizado (PIA).  Justificantes de ingresos de todos los miembros de la Unidad Familiar según el caso:  Declaración de renta del último ejercicio económico de cada uno de los miembros de la Unidad Familiar obligados a declarar.En caso de no hacer la declaración de la renta, presentar Certificado de imputaciones del IRPF de todos los miembros de la Unidad Familiar. Certificado actual de todas las pensiones públicas, las reciban o no, de toda la Unidad Familiar.   Comprobante bancario que garantice la titularidad de la cuenta por parte de la persona objeto de la prestación.     Más información: Condiciones de acceso   Formulario de solicitud   Modelo145   Solicitud de prórroga anual
